{"id":21350,"date":"2021-11-19T11:58:27","date_gmt":"2021-11-19T08:58:27","guid":{"rendered":"http:\/\/tawfirdeals.com\/?product=tp-link-4g-lte-advanced-mobile-wi-fi-router-m7300"},"modified":"2021-11-19T11:58:29","modified_gmt":"2021-11-19T08:58:29","slug":"tp-link-4g-lte-advanced-mobile-wi-fi-router-m7300","status":"publish","type":"product","link":"https:\/\/tawfirdeals.com\/?product=tp-link-4g-lte-advanced-mobile-wi-fi-router-m7300","title":{"rendered":"TP-Link 4G LTE Advanced Mobile Wi-Fi Router M7300"},"content":{"rendered":"<p> [ad_1]<br \/>\n<\/p>\n<div class=\"full-width-banner-out white-strap pt-5\">\n<div class=\"container\" id=\"description-link\">\n<div class=\"row\">\n<div class=\"col-md-12\">\n<div class=\"section-header\">\n<h3 class=\"section-title\">\u0648\u0635\u0641 \u0627\u0644\u0645\u0646\u062a\u062c<\/h3>\n<\/div>\n<p>Do more with a Faster Connection <br \/>The M7300 supports the latest generation 4G LTE networks, providing convenient carry-on Wi-Fi that can reach speeds of up to 150Mbps. Now you can enjoy lag-free HD video, fast file downloads, and stable video chats regardless of where life takes. <\/p>\n<p><b>Share with friends Internet access for up to 11 devices simultaneously <br \/><\/b>This compact device works seamlessly with an impressive range of wireless gadgets. The M7300 can easily share a 4G\/3G connection with up to 10 wireless devices like tablets, laptops, and mobile phones at the same time. It can also provide internet access for desktop computers via the integrated USB port. <\/p>\n<p><b>Power Through Your Day with 10+ Hours of Sharable 4G <br \/><\/b>With its powerful 2000mAh battery, the M7300 can provide up to 10+ hours of wireless connectivity, making it the perfect companion for travel, business trips, outdoor activities, and more. * Battery life may vary in accordance with environmental conditions <\/p>\n<p><b>Get Your Network Up and Running in Seconds <br \/><\/b>M7300 features a compact and user-friendly design, all you need is to insert a SIM card and press the power button. Your high-speed 4G hotspot will be operational within a half minute. <\/p>\n<p><b>Easy Managementwith the tpMiFi App <br \/><\/b>With the tpMiFi App, you can easily access and manage the M7300 from your connected iOS\/Android devices. The tpMiFi app allows you to establish data limits, control which devices can access your Wi-Fi, send messages, and share media files to\/from a removable Micro SD card. <\/p>\n<p><b>Micro SD Card Wireless Sharing <br \/><\/b>The integrated Micro SD card slot allows you to easily share photos, music, videos and more wirelessly across your network from a inserted micro SD card, Supports optional storage of up to 32G*. <br \/>* Micro SD card sold separately. * You can access and share files using tpMiFi App for iOS\/Android. \n<\/div>\n<\/div>\n<div class=\"row\" id=\"pdp-features-div\">\n<div class=\"col-md-12 product-info-container pt-4\">\n<span class=\"report-issue-flag d-none\" data-toggle=\"modal\" data-target=\"#reportAnIssue\"><br \/>\n<svg><use xlink:href=\"http:\/\/www.luluhypermarket.com\/_ui\/responsive\/common\/images\/theme-lulu-en\/images\/lulu-icons.svg#flag\"><\/use><\/svg><\/span><\/p>\n<ul class=\"nav nav-tabs\" id=\"myTab\" role=\"tablist\">\n<li>\n<h3 class=\"section-title\">\u0645\u0639\u0644\u0648\u0645\u0627\u062a \u0627\u0644\u0645\u0646\u062a\u062c<\/h3>\n<\/li>\n<\/ul>\n<div class=\"tab-content\" id=\"myTabContent\">\n<div class=\"tab-pane fade show active\" id=\"home\" role=\"tabpanel\" aria-labelledby=\"home-tab\">\n<div class=\"product-info-grid text-break\">\n<div class=\"row\">\n<div class=\"col-lg-4 col-md-12 col-sm-12\">\n<div class=\"item\">\n<span class=\"label\">\u0627\u0648\u062c\u0647 \u0627\u0644\u062c\u0647\u0627\u0632<\/span><br \/>\n<span class=\"value\">1 micro USB port for power supply, 1 SIM card slot, 1 Micro SD card slot<br \/>\n<\/span>\n<\/div>\n<\/div>\n<div class=\"col-lg-4 col-md-12 col-sm-12\">\n<div class=\"item\">\n<span class=\"label\">\u0645\u0632\u0627\u064a\u0627 \u0625\u0636\u0627\u0641\u064a\u0647<\/span><br \/>\n<span class=\"value\">LTE-Advanced Mobile Wi-Fi, Share 4G connection with up to 150Mbps download\/50Mbps upload speeds, Supports up to 11 devices simultaneously (10 Wireless+1 Wired), Internal 2000mAh Rechargeable Battery, High speed Wi-Fi hotspot at speeds of 300Mbps, Equipped with a Micro SD card slot for up to 32GB of optional storage, Dimensions ( W x D x H ) : 4.0\u00d72.5\u00d70.6 in. (102.6\u00d763\u00d716mm).<br \/>\n<\/span>\n<\/div>\n<\/div>\n<div class=\"col-lg-4 col-md-12 col-sm-12\">\n<div class=\"item\">\n<span class=\"label\">\u0646\u0648\u0639 \u0627\u0644\u0645\u0646\u062a\u062c<\/span><br \/>\n<span class=\"value\">4G Mobile WiFi<br \/>\n<\/span>\n<\/div>\n<\/div>\n<div class=\"col-lg-4 col-md-12 col-sm-12\">\n<div class=\"item\">\n<span class=\"label\">\u0627\u0644\u0639\u0644\u0627\u0645\u0629 \u0627\u0644\u062a\u062c\u0627\u0631\u064a\u0629<\/span><br \/>\n<span class=\"value\">TP-Link<br \/>\n<\/span>\n<\/div>\n<\/div>\n<div class=\"col-lg-4 col-md-12 col-sm-12\">\n<div class=\"item\">\n<span class=\"label\">\u0627\u0644\u0646\u0645\u0648\u0630\u062c<\/span><br \/>\n<span class=\"value\">M7300<br \/>\n<\/span>\n<\/div>\n<\/div>\n<div class=\"col-lg-4 col-md-12 col-sm-12\">\n<div class=\"item\">\n<span class=\"label\">\u0633\u0631\u0639\u0629 \u0644\u0627\u0633\u0644\u0643\u064a\u0629<\/span><br \/>\n<span class=\"value\">DL: 150Mbps, UL: 50Mbps<br \/>\n<\/span>\n<\/div>\n<\/div>\n<\/div>\n<\/div>\n<\/div>\n<div class=\"tab-pane fade\" id=\"profile\" role=\"tabpanel\" aria-labelledby=\"profile-tab\">\n<\/div>\n<\/div>\n<\/div>\n<\/div>\n<\/div>\n<\/div>\n<p>[ad_2]<br \/>\n<br \/><a href=\"https:\/\/www.luluhypermarket.com\/ar-sa\/tp-link-4g-lte-advanced-mobile-wi-fi-router-m7300\/p\/1179359\" target=\"_blank\" rel=\"noopener\">Source link <\/a><\/p>\n","protected":false},"excerpt":{"rendered":"<div class=\"description-block mb-3 mt-md-0\">\n<h4>\u0645\u0644\u062e\u0635 \u0628\u064a\u0627\u0646\u0627\u062a \u0627\u0644\u0645\u0646\u062a\u062c<\/h4>\n<\/p>\n<ul>\n<li>Product Type: 4G Mobile WiFi <\/li>\n<li>Wireless Speed: DL: 150Mbps, UL: 50Mbps<\/li>\n<\/ul>\n<div class=\"links-horizontal\">\n<a id=\"product-classification-link\" href=\"#description-link\">\u0627\u0644\u0645\u0632\u064a\u062f &gt;<\/a>\n<\/div>\n<\/div>\n","protected":false},"featured_media":21351,"comment_status":"open","ping_status":"closed","template":"","meta":[],"store":[2209],"product_cat":[4283,4288],"product_tag":[6903,6686,6904,3300,6620,4685,4314],"class_list":{"0":"post-21350","1":"product","2":"type-product","3":"status-publish","4":"has-post-thumbnail","6":"store-lulu","7":"product_cat-laptops-and-pcs","8":"product_cat-networking-and-communication-devices","9":"product_tag-advanced","10":"product_tag-lte","11":"product_tag-m7300","12":"product_tag-mobile","13":"product_tag-router","14":"product_tag-tplink","15":"product_tag-wifi","17":"first","18":"instock","19":"shipping-taxable","20":"product-type-external"},"jetpack_sharing_enabled":true,"_links":{"self":[{"href":"https:\/\/tawfirdeals.com\/index.php?rest_route=\/wp\/v2\/product\/21350","targetHints":{"allow":["GET"]}}],"collection":[{"href":"https:\/\/tawfirdeals.com\/index.php?rest_route=\/wp\/v2\/product"}],"about":[{"href":"https:\/\/tawfirdeals.com\/index.php?rest_route=\/wp\/v2\/types\/product"}],"replies":[{"embeddable":true,"href":"https:\/\/tawfirdeals.com\/index.php?rest_route=%2Fwp%2Fv2%2Fcomments&post=21350"}],"wp:featuredmedia":[{"embeddable":true,"href":"https:\/\/tawfirdeals.com\/index.php?rest_route=\/wp\/v2\/media\/21351"}],"wp:attachment":[{"href":"https:\/\/tawfirdeals.com\/index.php?rest_route=%2Fwp%2Fv2%2Fmedia&parent=21350"}],"wp:term":[{"taxonomy":"store","embeddable":true,"href":"https:\/\/tawfirdeals.com\/index.php?rest_route=%2Fwp%2Fv2%2Fstore&post=21350"},{"taxonomy":"product_cat","embeddable":true,"href":"https:\/\/tawfirdeals.com\/index.php?rest_route=%2Fwp%2Fv2%2Fproduct_cat&post=21350"},{"taxonomy":"product_tag","embeddable":true,"href":"https:\/\/tawfirdeals.com\/index.php?rest_route=%2Fwp%2Fv2%2Fproduct_tag&post=21350"}],"curies":[{"name":"wp","href":"https:\/\/api.w.org\/{rel}","templated":true}]}}